**2 + w + 1. Let g be m(-1). Let x be 2/7 + ((-2972)/14 - 2). Let s = x - -456. What is the highest common factor of s and g?
22
Let m(h) = 31*h + 189. Let z be m(-6). Suppose 80 + 140 = i. Suppose -z*j = -j - i. Calculate the greatest common divisor of 10 and j.
10
Suppose -7*l + 15 + 118 = 0. Let t = 22 - 28. Let r be (-3)/2*532/t. What is the greatest common factor of l and r?
19
Let c be 6586548/1162 - 4/14. What is the greatest common divisor of 52 and c?
52
Let r = -4523 - -4543. Calculate the highest common factor of 250 and r.
10
Let i(j) = -j**2 - 1. Let y be i(2). Let n be -4*1*(4 + y). Let h = -6 + 7. What is the highest common factor of n and h?
1
Suppose 15*w - 15732 = -3*w. Suppose 0 = 19*b + 4*b - w. What is the highest common divisor of 95 and b?
19
Let o(w) = 8 + 13*w + 21*w - 36*w. Let d be o(2). Suppose 9*x - 60 = d*x. What is the highest common divisor of x and 108?
12
Suppose 11*t = 108 + 68. Suppose t + 17 = a. Calculate the greatest common divisor of 3 and a.
3
Let b = -10139 + 12127. What is the highest common divisor of 588 and b?
28
Let k be -6*4/24*-3. Let j = 461 + -461. Suppose j = -k*v + 5*z - 2*z + 66, 3*v = -4*z + 87. Calculate the highest common divisor of v and 125.
25
Let j(q) = -q**3 - q**2 + 1. Let a be j(-1). Let t(z) = 2*z**3 + z**2. Let k be t(a). Suppose -v - 12 = -k*v. What is the greatest common divisor of v and 4?
2
Let c(a) = 14*a + 192. Let j be c(17). Let w(g) = -2*g**2 - 15*g + 18. Let q be w(-8). What is the greatest common factor of j and q?
10
Let w = -265 - -1297. Calculate the greatest common factor of 456 and w.
24
Suppose -66*z = -95*z + 522. What is the highest common factor of 1143 and z?
9
Let l = -27211 - -34712. Calculate the greatest common divisor of l and 65.
13
Let u be 39/18 - 2/12. Suppose -u*j + 8 = 3*c, 4*c = -j - 0*j + 9. What is the highest common factor of j and 8?
1
Let i = -80 - -270. Let b(d) = 12*d**3 - 3*d**2 - 9*d + 10. Let w be b(1). Calculate the highest common divisor of i and w.
10
Let k be 128*(-3)/(12/(-10)). Let r(u) = -u**3 + 64*u**2 + 248*u - 23044. Let i be r(62). Calculate the greatest common divisor of i and k.
20
Let w be (10 - 54/18) + 3575. What is the greatest common divisor of 18 and w?
18
Let u = 3228 + -3095. What is the highest common factor of 19 and u?
19
Suppose -2*z = -5*g - 9812, 37*z - 3*g + 4895 = 38*z. Calculate the highest common divisor of 169 and z.
169
Let p be (7020/(-2106))/(131/(-129) - -1). What is the highest common factor of p and 55?
5
Suppose 510*s + 500*s - 1008*s = 238. Suppose 2*y + 2*y + 88 = 4*h, -3*h + 62 = y. Calculate the greatest common factor of h and s.
7
Suppose 3*y = 12, 11 + 2 = v - 3*y. Let o = v + -18. Suppose -9*z = -5*z - 112. What is the greatest common divisor of z and o?
7
Suppose 0 = -15*a + 10*a - 5*j + 145, -j = -a + 25. Calculate the greatest common factor of 99 and a.
9
Let j be (-6)/((-5)/(-10)*-4). Suppose 167 = j*p - 184. Let l = -104 + p. Calculate the highest common factor of 247 and l.
13
Suppose 86*x - 125 = 1165. Calculate the highest common factor of x and 117.
3
Let y(p) = -54*p + 1722. Let q be y(30). What is the highest common factor of 544 and q?
34
Let d(m) = -8*m**2 + 7*m + 25. Let k be d(6). Let f = k - -285. Calculate the greatest common divisor of 2 and f.
2
Let c be (6/(-4))/((-3)/4). Let m(y) = 17*y + 18. Let a be m(1). Suppose -47*z = -a*z - 24. Calculate the highest common factor of c and z.
2
Let p(v) = -2*v + 53. Let y be p(24). Suppose 5*t + x = t - 37, -5*x - 65 = y*t. Let m be (-3)/(12/t) - 2*-2. What is the highest common divisor of m and 12?
6
Let p = 43 + -7. Let q(f) = -1 - 15 + 2 + 15*f + 5. Let i be q(3). Calculate the highest common factor of i and p.
36
Let l = -8 + 20. Let v(f) = -36*f - 12. Let k be 16/4*1*1/(-2). Let t be v(k). Calculate the greatest common divisor of t and l.
12
Suppose -3*f - l = -12241 + 616, -2*l - 19386 = -5*f. What is the highest common factor of 816 and f?
204
Let y = -83 + 119. Let z be 18/y + 166/4. Suppose -5*a = -2*r - 72, 2*r + 47 = 3*a - 3*r. Calculate the highest common factor of z and a.
14
Let q(t) = t**3 - 8*t**2 + 13*t + 12. Let n be q(4). Suppose n = 5*d - 16*d + 1540. What is the highest common factor of 105 and d?
35
Let h(n) = 80*n + 530. Let y(u) = -20*u - 132. Let c(j) = 4*h(j) + 18*y(j). Let f be c(-14). Calculate the highest common factor of f and 32.
16
Let d = 2 - -19. Suppose -4*u + 31 = 3*v, -14 = -5*u - 3*v + d. Let b be 93*1 - (u - 8/4). Calculate the greatest common divisor of b and 13.
13
Suppose -j + 18 = -2*b, j = 4*j + 2*b - 86. Suppose 2*r + 104 = 4*g, 4*g + 4*r - j = 3*g. What is the highest common factor of g and 13?
13
Suppose -154 = -2*b - 0*b. Suppose -8*q + 2657 - 897 = 0. Suppose 3*j = 253 - q. Calculate the highest common divisor of j and b.
11
Suppose -5*i - 5*q + 165 = 0, 6*i - 97 = 2*i + 3*q. Let m = -37 + 50. Let y be m + 6/36*6. Calculate the highest common divisor of i and y.
14
Let i = 1086 - 1081. Let a = -85 - -61. Let b = a - -44. What is the highest common divisor of b and i?
5
Suppose 0 = -13*k + 1237 + 167. Calculate the greatest common divisor of k and 1809.
27
Let r be (-28225)/50 + 3/(-2). Let o = -546 - r. What is the greatest common factor of 740 and o?
20
Let g = 4 + 280. Suppose 24 = 7*p - g. What is the highest common divisor of p and 132?
44
Suppose 0 = -0*b - 4*b + 1620. Let a(n) = -n**3 + 4*n**2 + 231*n - 909. Let y be a(4). What is the greatest common divisor of b and y?
15
Let s(j) = j**3 + 6*j**2 - 5*j + 8. Let w be s(-4). Suppose -37*c = -36*c - 40. What is the greatest common divisor of c and w?
20
Suppose 0 = 5*w - 7*w + 6, 2*j = -5*w + 639. Let p = j + -300. Calculate the greatest common factor of p and 300.
12
Let m be 0 + 2 - ((-68)/4 + (18 - 19)). What is the highest common divisor of 2955 and m?
5
Let g be -112 + 101 + 3138/3. What is the greatest common factor of g and 115?
115
Let w = 77 - 45. Let r = 7940 - 7884. Calculate the greatest common divisor of r and w.
8
Suppose -204*f + 2372893 = 114286 - 731829. Calculate the highest common factor of 107 and f.
107
Suppose -d - 56 - 25 = 0. Let c = 91 + d. Calculate the highest common factor of c and 5.
5
Let s be (3 - 1)*(8 - 7). Suppose 30 = 418*h - 415*h. Suppose s*o = 34 - h. Calculate the highest common factor of o and 18.
6
Let u be 35 - (4 + 12/(-4)). Let i = u - 29. Suppose -3*l - m = -0*m - 81, i*m = 4*l - 108. Calculate the greatest common divisor of 3 and l.
3
Let b be 496/44*(-1562)/(-284). Let s(m) = 9*m + 4. Let a be s(3). What is the greatest common factor of a and b?
31
Let k be (2950/100)/(1/2). Calculate the highest common divisor of 531 and k.
59
Let g = 46 + -22. Let j be -2*2/(-12)*(-16 + 16). Let f(q) = -5*q + 120. Let a be f(j). What is the highest common factor of g and a?
24
Suppose 2*v + 2*f = -v + 63, 5*v - 4*f = 105. Let x be 990/(-12)*(-16)/10. Suppose -20 = 4*c - x. Calculate the highest common factor of v and c.
7
Suppose -232*h + 258*h - 13670 = 6142. What is the highest common factor of h and 1397?
127
Let b be (12/(-15))/((-19)/190). Let y be b/12*90 + 0. What is the highest common divisor of y and 255?
15
Let f(d) = 4*d**2 - 32*d - 64. Let n be f(-33). Calculate the greatest common factor of 7 and n.
7
Suppose 0 = 14*m + 46*m - 31*m - 767485. What is the highest common factor of 67 and m?
67
Let x be 0*(5/(-10) + 0)*1. Suppose 12*c + 80 - 248 = x. What is the greatest common divisor of 70 and c?
14
Let z(u) = u**2 - 7*u + 21. Let j be z(7). Suppose 31*r = 44*r - 1911. What is the highest common factor of r and j?
21
Let u be (833 - -9)*2/2*-1. Let i = -491 - u. What is the highest common divisor of i and 78?
39
Let i = -99 + 212. Suppose -2*t + 4*r + 49 = -i, 0 = 4*t + 4*r - 288. What is the greatest common divisor of t and 25?
25
Suppose -4158 = 8*l - 19*l. What is the highest common divisor of 162 and l?
54
Suppose -3*g + 189 = -5*r, 5*r + 203 = -3*g - g. Let k(z) = -5*z - 137. Let u be k(r). Calculate the highest common factor of 232 and u.
58
Let i = -19881 - -19891. Calculate the greatest common divisor of 13 and i.
1
Let x(w) = -w**2 - 6*w + 7. Let u be x(-8). Let m be ((-6)/u)/((-6)/(-261)). Let i = 44 - m. Calculate the greatest common divisor of 6 and i.
3
Let u(l) = 34*l**